+ 2). Let i(w) = -4*w**2 + 12*w - 4. Let l(v) = -5*v**2 + 13*v - 4. Let h(o) = z*i(o) - 3*l(o). Give h(6).
14
Let i(v) = v**3 - 15*v**2 - 15*v - 14. Suppose -66*t + 1005 = -51. Determine i(t).
2
Let g(i) = -i**3 - 1. Let r = -2 + 0. Give g(r).
7
Let z(a) = -51*a**2 - 47*a**2 - 9 + 7*a + 97*a**2. What is z(6)?
-3
Let q(p) = 3*p - 18. Let i(k) = k - 7. Let w(h) = 8*i(h) - 3*q(h). Calculate w(-9).
7
Let o(w) = w**3 - 5*w**2 - 7*w + 1. Let h be 12/6 + (-1 - 2) + -19. Let l be 3 - ((-3)/(-4))/(5/h). Determine o(l).
-5
Let v(j) = -225*j**3 + 107*j**3 - 3*j + 117*j**3 + 5*j**2 + 4. Calculate v(3).
13
Let p(l) = -l**3 - 4*l**2 - 4. Suppose 0 = -8*q + 8 - 80. Let c(m) = -7*m - 66. Let y be c(q). Give p(y).
-13
Suppose -100*a + 101*a - 2 = 0. Let z(k) = -2*k**2 + 21*k + 9. Let x(q) = -q**2 + 10*q + 5. Let n(v) = a*z(v) - 5*x(v). What is n(7)?
-14
Let b(l) = 2*l**3 + 2*l**2 - 4*l - 4. Suppose -4*i = -m - 3*m, -4*i - 3*m = 14. What is b(i)?
-4
Suppose -5*v - 14 = 6. Let p(z) = 2*z**2 + 3*z + 13. Let d(j) be the first derivative of -j**3 - 2*j**2 - 20*j - 25. Let a(x) = -5*d(x) - 8*p(x). What is a(v)?
-4
Let j(h) = 4*h**2 - h - 1. Let u be j(2). Let w(z) = z**3 + u*z**2 + 6 + 12*z + 0 + 0. Let m be w(-12). Let o(r) = r**3 - 6*r**2 + 2*r - 1. Calculate o(m).
11
Let z(d) be the first derivative of -d**4/12 + d**2/2 - 22*d - 21. Let i(h) be the first derivative of z(h). Calculate i(-3).
-8
Suppose -4*f + 8*f = 0. Let s be f*-3*1/(-3). Let g(q) = s*q + 3 - 4*q - q - q. Give g(2).
-9
Let s = 865 - 869. Let r(y) be the second derivative of 4*y**3/3 + 3*y**2/2 + 7*y. Determine r(s).
-29
Suppose -h - 5*h = -300. Let x = 54 - h. Let u(o) = -o**2 + 5*o - 3. Determine u(x).
1
Let v = -22 + 19. Let r(j) = j**2 + 3*j + 2. Let m(t) = -t**2 - 3*t - 2. Let n(u) = -3*m(u) - 2*r(u). What is n(v)?
2
Let b(c) be the second derivative of 2*c**3/3 - 5*c**2/2 - c - 410. Let f = -15 - -11. Determine b(f).
-21
Let c(z) be the third derivative of z**5/60 - z**4/6 - z**3 - 2*z**2. Calculate c(5).
-1
Let q be (-42)/9 - 18/(-27). Let p(f) = -f**2 - 8*f - 9. Give p(q).
7
Let v be (0/2)/(7 - 8). Let z(x) = -2 + 2 - x + 1 - 4. Let m be z(v). Let a(l) = -2*l - 2. Calculate a(m).
4
Let f(b) be the second derivative of 5*b**3/6 - 5*b**2/2 + 21*b. Let d(g) = 3 + 0 + 0 - 2*g. Let a(p) = 7*d(p) + 4*f(p). Give a(1).
7
Let u(a) = -4*a**3 + a - 2. Let h be 17/(-34) + (10/(-4))/(-1). Give u(h).
-32
Let d = -430 + 435. Let n(b) = -2*b + 9. Calculate n(d).
-1
Suppose 4*r + 3 = -4*l - 1, -4*r + 10 = -3*l. Let y be 7/(8/4 - r). Suppose -3*d = 3*s + 9, -4*s = -y - 5. Let c(v) = -v**2 - 6*v + 7. Calculate c(d).
7
Let l = 32477 - 32471. Let y(f) = -f. Let b(s) = -3*s - 5. Let m(z) = -b(z) + 4*y(z). Let u(k) = -2*k + 9. Let c(o) = -11*m(o) + 6*u(o). Calculate c(l).
-7
Let i = 0 + 0. Let j(n) = n + 1. Let z be (-3 + 23)*6/24. Let c(h) = 6*h + 9. Let v(o) = z*j(o) - c(o). Give v(i).
-4
Suppose -10*l - 42 = -3*l. Let x be 0 + ((-72)/l)/(-4). Let m(d) be the first derivative of -d**4/4 - 2*d**3/3 - 4*d - 1. What is m(x)?
5
Suppose -11*l = -6*l - 40. Let k(m) = 0 + 6 + l + 5*m - 16 + m**2. Give k(-4).
-6
Let u(l) = -l**3 - 5*l**2 - 2*l - 2. Let q(w) = w**2 - 3*w + 1. Let f be q(3). Suppose g - 3 = -f. Suppose g*s - 4 - 3 = 5*x, 3*x = 3*s + 3. Calculate u(s).
-10
Let m(z) = 0 + 2 + 5*z**2 - 1 - z**2. Let c be (1 - 6/9) + 4/6. Calculate m(c).
5
Let t(h) = 5*h + 32. Let l be t(-6). Let k(m) be the third derivative of 0*m - 10*m**l - 1/3*m**4 + 0 + 1/6*m**3. What is k(-2)?
17
Suppose 19*n = 17*n - 10. Let o(c) = -c**3 - 6*c**2 - 4*c + 4. Give o(n).
-1
Let b be (-2 + -3)/(4/(-4)). Let w(h) = -2 - b + 3*h - 5*h + 4*h. What is w(6)?
5
Let a(s) = s**3 + 2*s - 2*s**3 + 3*s**2 - 4*s - 2*s**3 + 3. Let m = 24 - 22. What is a(m)?
-13
Let a = 1 - 1. Let p(k) be the third derivative of 0 + 2/3*k**3 + 0*k - 1/24*k**4 - 8*k**2. What is p(a)?
4
Suppose -4*s = 342 + 18. Let d = -89 - s. Let j(t) be the first derivative of 3*t**3 - t**2/2 - 1. Calculate j(d).
8
Let s(l) be the third derivative of -l**5/60 - l**4/8 + l**3/3 + 87*l**2 - 2*l. Give s(-5).
-8
Suppose 3766 = 3*b + 3775. Let k(n) = 3*n**2 - 4*n. What is k(b)?
39
Let w(g) be the first derivative of -12 - 3*g - 3*g**2 - 1/3*g**3. Give w(-5).
2
Let v(q) = 18*q - 38*q + 4 + 23*q - 14. What is v(8)?
14
Let u(q) = 3*q**2 - 3*q - 1. Let o = -88 - -60. Let z = o - -31. Calculate u(z).
17
Let m be 89/2 + (-12)/8. Suppose 8*r + 3 = m. Suppose 2*c = 7 - r. Let u(s) = s**2 - s + 1. What is u(c)?
1
Let j(o) = -o - 6. Let u be (-4)/((-2)/1)*-20. Suppose 41 = 5*m - 19. Let b be u/(-15)*(-27)/m. Calculate j(b).
0
Suppose -46 = -31*p + 16. Let z(j) be the second derivative of j**4/12 + j**3/3 + 2*j. Calculate z(p).
8
Suppose 0 = -r + 2 + 3. Suppose -r*f = o + 15, f = 3*o - 0*f - 3. Suppose -5*l + 1 = -o*w - w, -16 = -4*w. Let v(j) = -j**2. Calculate v(l).
-1
Let w be (-7)/21*3*5. Let i be -4 + 7 + -3 - w. Suppose -i*m - 5*g + 19 = -6, 3*g + 25 = 5*m. Let c(n) = n**3 - 4*n**2 - 6*n + 7. Determine c(m).
2
Let a(d) = 16*d**2 + 21*d - 8. Let o(l) = 10*l**2 + 11*l - 4. Let z(t) = -3*a(t) + 5*o(t). What is z(5)?
14
Let q = 18 + -16. Let s(m) = -9 - 1 - q*m - 12. Let r be s(-10). Let x(c) = -2*c**3 - 2*c**2 - c - 2. Give x(r).
8
Let y(t) = 2*t**2 - 4*t + 1. Let n be 2/(-8) + 13/4. Let c = -667 - -667. Suppose p - n = -c*p. Give y(p).
7
Let s(k) = k - 1. Let x(z) = -2*z**2 - 17*z - 4. Let i be x(-8). Let l be 2*((-42)/i)/(-7). Give s(l).
2
Let y(v) = -v**3 + 7*v**2 - 7*v - 2. Let s be ((-63)/(-14))/(18/24). Calculate y(s).
-8
Let d(o) = o - 11. Let r be d(13). Let t(u) = -3*u - 7. Let a(m) = -16*m - 35. Let n(k) = r*a(k) - 11*t(k). Calculate n(-6).
1
Let f(s) = -s**2 - s + 1. Let h = 2 + 2. Let n(p) = -11 + 0 + h*p**2 + 4 + 5*p - 1. Let a(c) = -3*f(c) - n(c). Calculate a(-5).
-10
Let f(v) be the third derivative of v**7/5040 - 3*v**6/80 + 43*v**5/60 - 48*v**2. Let r(b) be the third derivative of f(b). Give r(0).
-27
Let i be 1*2 - 20/(-10). Suppose 4*h + 1 + 3 = 4*m, i*m + 3*h = 11. Let y(j) = -10*j - 2*j + 9*j + m. What is y(-2)?
8
Let k(o) be the second derivative of -o**5/20 - o**4/3 + o**3/6 + 3*o**2/2 - 2*o. Let z(h) = -2*h**2 - 8*h - 12. Let d be z(-2). Give k(d).
-1
Let o(z) = -5*z**2 - 11*z - 17. Let a(t) = -4*t**2 - 11*t - 13. Let x(k) = 4*a(k) - 3*o(k). Give x(-6).
29
Let c(j) = 5*j**2 + 25*j + 8. Let x(p) = 4*p**2 + 23*p + 9. Let z(o) = -5*c(o) + 6*x(o). What is z(15)?
-16
Let r = -781 + 788. Let c(u) = -2*u**2 + 15*u - 9. Calculate c(r).
-2
Let z(q) = 12*q**3 - 1. Let p be -7 - (-10 + (1 - -1)). Determine z(p).
11
Let k(d) be the first derivative of d**3/3 - d**2 - 31*d - 131. Calculate k(-5).
4
Suppose 5*k = 5*i - 15, 0*i + i - 3 = 2*k. Let l(q) = 4*q - 8. Let g(w) = -17*w + 44. Let a(j) = g(j) + 5*l(j). What is a(i)?
13
Let l(j) = -4*j**2 - j + 6. Let h(b) = -1. Let z(i) = -2*h(i) - l(i). Let r(x) = 21*x**2 + 6*x - 21. Let d(m) = -2*r(m) + 11*z(m). Give d(2).
4
Let m(g) = 8*g - 2*g**3 - 145 + g**3 - 6*g**2 + 300 - 150. Determine m(-7).
-2
Let j(g) be the first derivative of -1/4*g**4 - 1 - g**3 - 3*g + 0*g**2. Give j(-3).
-3
Let p(r) be the second derivative of -r**6/360 + 7*r**5/120 - 5*r**4/24 + 11*r**3/3 - 26*r. Let g(z) be the second derivative of p(z). Give g(6).
1
Let h(d) = d**2 - 5*d + 5. Let p(y) = -3*y + 9. Let x(l) = 4*l - 10. Let g(a) = -3*p(a) - 2*x(a). Let t be g(4). Let o be t/(-36)*-3*-16. Calculate h(o).
1
Let w be (10/(-3))/((-10)/(-15)). Let q be ((-16)/(-20))/((-1)/w). Let z(s) = 6*s**3 - 7*s**3 - 1 - q + 5*s**2 + 8*s. Give z(6).
7
Suppose 2 = 2*k - k. Let t(u) = 2*u**2 + 0 - 2 + u**k + u**3 - u. Let p(y) = 3*y - 6. Let r be p(1). Determine t(r).
1
Let k(s) = s**3 + 1. Let r be 31/3 - (-1)/(-3). Suppose 0 = -r*q + 5*q - 5. What is k(q)?
0
Let h = -600 + 595. Let p(x) = -x**2 - 6*x + 1. Calculate p(h).
6
Let b(v) = 3*v + 7 - 19 + 7. Suppose -4*t - 12 = -6*t. What is b(t)?
13
Let h(f) = 2*f**2 - 2. Let z be (2/4*-4)/(1 + 0). Calculate h(z).
6
Suppose 3*v - 22 = -l - 1, -5*v - l + 33 = 0. Let k(d) = d + 25. Let o(f) = 4*f + 71. Let y(r) = 3*k(r) - o(r). Determine y(v).
-2
Let a(o) = 14*o + 13. Let b(t) = -2*t - 1. Let p(q) = a(q) + 6*b(q). Calculate p(6).
19
Let j(u) = -u**3 + 16*u**2 + 17*u - 478. Let r be j(15). Let p(s) = -17*s + 6. Determine p(r).
-28
Let